). Let d = -124 + f. What is the units digit of d?
9
What is the tens digit of (5 + (-8 - -21))/(3/392)?
5
Suppose -4*f + 483 = -r, -5*f - 193 = r - 799. What is the units digit of f?
1
Suppose 5*f + 251 = 681. What is the tens digit of f?
8
Let y(j) = 35*j**2 - 5*j - 13. Let f be y(-4). Let b = f + -397. What is the units digit of b?
0
Let l = -9 - -16. Suppose -l*q = -2*s - 2*q - 44, 2*s - 3*q = -36. Let z(p) = -p + 5. What is the tens digit of z(s)?
1
Let c(r) = -4*r + 34. Let o be c(8). What is the tens digit of 2*(o + 0) + 9?
1
Let r(p) = -62 + 2*p**2 - 8*p + 0*p - 54 + 90. What is the tens digit of r(-9)?
0
Let c be 1566/17 + 16/(-136). Suppose z = -2*i - 5 + 29, 4*i = -4*z + c. What is the tens digit of z?
2
Suppose 0 = 3*w + 4*w - 22176. What is the hundreds digit of w?
1
Suppose 15 = j + 6. Suppose 2*h - j*h + 77 = 0. What is the units digit of h?
1
Let a(u) = u**3 + 3*u**2 - u - 2. Let m be a(-2). What is the units digit of -14*((-9)/2 + m)?
7
Suppose 83 = 2*g - 107. Let f = 170 - g. What is the tens digit of f?
7
Suppose 3262 - 894 = 4*z. Suppose -8*x = -z - 496. What is the units digit of x?
6
Let v(n) = 2*n + 4. Let b = 16 + -2. Let t = -11 + b. What is the units digit of v(t)?
0
Suppose 0 = 4*x, 8*r + 3*x = 6*r + 4190. What is the thousands digit of r?
2
Let b(u) = -6*u - 9. Let c be b(-1). What is the units digit of (-24)/4*8/c?
6
Let f(b) = -8*b + 2. Let o be f(-1). Suppose o = 5*r - 15. What is the units digit of r?
5
Suppose -19*a + 7*a + 4140 = 0. What is the tens digit of a?
4
What is the tens digit of (-9 - -10) + 24/(1/1)?
2
Let z(a) = -a - 1 + 2*a + 1. Let s be z(2). Suppose -8 = -f + s. What is the tens digit of f?
1
Let p = -38 - -41. Suppose 4*a - 558 = -4*o + 5*o, p*a + 5*o - 407 = 0. What is the units digit of a?
9
Suppose -9*p = -7*p + 10. What is the units digit of ((-2)/15*12)/(1/p)?
8
Let o = 6 + -7. Let x(c) = -39*c**2 + 2*c + 1. Let m be x(o). What is the tens digit of m/(-32) - 99/(-4)?
2
Suppose -5*o + 19316 = 2*q, 5*q - 3854 = -0*o - o. What is the tens digit of o?
6
Let b be (2/5)/((-2)/(-20)). Suppose g - o = -39, -o = b*g + 157 - 11. Let z = 80 + g. What is the tens digit of z?
4
Let s(b) = 182 - 7*b - 32*b - 24*b - 241. What is the hundreds digit of s(-4)?
1
Suppose 3*c - 199 = -5*m, 0 = -2*c + 5*c + m - 203. What is the tens digit of c?
6
Let u = -6 - -42. Suppose -5*k - 67 = -3*c + 2*c, 2*c - u = 3*k. What is the tens digit of 2/5*(-1295)/k?
3
Let s = -1539 + 2648. What is the hundreds digit of s?
1
What is the hundreds digit of 3/((-7)/16884*-12)?
6
Let t(y) be the first derivative of 8*y**2 - 4*y - 1. Suppose 25 = 5*w + 3*l, w + 4*l = 5*l - 3. What is the units digit of t(w)?
8
Suppose -4*z - 366 = -3*v, 2*v + 2*z - 13 - 217 = 0. Let a = v - 75. What is the tens digit of a?
4
Suppose -3*u + 80 = -8*u. Let j = -19 - u. What is the units digit of 5/15 + (-17)/j?
6
Let n(o) = o**2 + 5*o + 5. Suppose 4*h - 6 = -2. Let x be (4/(-3))/(h/3). What is the units digit of n(x)?
1
Let z = -38 + 82. What is the tens digit of z/(-374) - 4390/(-34)?
2
Let j = 270 - 171. What is the tens digit of (14/21)/(2/j)?
3
Suppose -14*o + 5*o = 18. Let p(w) = 5*w + 14. What is the units digit of p(o)?
4
Let l(p) = -6*p**2 - 2 - p**3 + 0 + 7 - 4*p. Let w be l(-5). Suppose w = -m - 5*t + 13 + 4, 0 = 2*t - 2. What is the tens digit of m?
1
Let p be 1*9*(-2)/(-6). Suppose 2*u = u + 4*o - 9, p = 5*u - 4*o. What is the units digit of (-26)/8*(-36)/u?
9
Let l(i) be the second derivative of i**4/12 + 4*i**3/3 + 4*i**2 - 10*i. Let y be l(7). Let w = y + -55. What is the units digit of w?
8
What is the units digit of (-3 - -1157) + 1 + -12?
3
Let f be (1 + 0)*(7 - 0). Let h(b) = -b**3 + 5*b**2 + 9*b + 5. Let p be h(f). What is the units digit of 8/3*p/(-4)?
0
Let s(j) = j**3 - 39*j**2 - 54*j - 271. What is the hundreds digit of s(41)?
8
Suppose -7*a + 35 = -3*a + 3*m, -25 = -2*a - 3*m. Let p(b) = -b**3 + 18*b**2 + 19*b + 10. Let c be p(19). Suppose a*i - c = 10. What is the units digit of i?
4
Let j = 60 - -14. Suppose -o + 3*a = -j, 5*o + 0*o + 5*a - 450 = 0. What is the units digit of o?
6
What is the units digit of (1 + -4 - 601)*5/(-5)?
4
Let n be 0 - (1 + 3/(-1)) - 2. Let g be 0*(1 + 0) + 16. Suppose n = t + 3*t - g. What is the units digit of t?
4
Suppose o + 270 = p, 6*p = 2*o + p + 549. Let t = o + 439. What is the units digit of t?
2
Suppose 5*q - 114 = 1606. What is the hundreds digit of q?
3
Let p(z) = 28*z**2 - 14*z - 46. What is the units digit of p(-3)?
8
Let d(z) = z**2 - 8*z + 4. Let h be d(8). Let p be -2 + (h + -56)/1. What is the units digit of p/(-3) + 0 + -4?
4
Suppose -71*b + 64*b + 34090 = 0. What is the thousands digit of b?
4
Let d(y) be the second derivative of -y**5/20 - y**4/2 + 4*y**3/3 + 4*y**2 - 2*y. Suppose 2*j + 20 = -2*u, 4*j + 3 + 16 = -u. What is the units digit of d(u)?
1
Suppose -13 - 7 = 4*c. Suppose 4*o - 13 = q - 10, 0 = -2*q - o - 33. Let s = c - q. What is the units digit of s?
0
Let r = -11 + 16. Suppose -329 = -r*p - 64. What is the tens digit of p?
5
Let b(c) = -1 - 11 - 5*c - 3 + 17. Let v = -1 - 0. What is the units digit of b(v)?
7
Suppose -q - 3*q = 2*l - 1618, -3*q = -9. What is the tens digit of l?
0
Let b(d) be the second derivative of 25*d**4/12 + d**3/2 + d**2/2 - d. Let g be b(-2). Suppose -g = -5*m + 30. What is the units digit of m?
5
Let a(i) = -2*i**2 - 55*i**3 + 5 + 57*i**3 + 4*i - 6*i**2. What is the units digit of a(5)?
5
Let l(w) = 5*w**3 - 3 - 7*w**2 + 7*w - 3*w**3 - w**3 + 1. Let v be l(6). Suppose v*f = 5 + 23. What is the units digit of f?
7
Let d be (-306)/(-54) + (-5)/3. Let m(z) = 2*z**3 - z**2 + 7*z + 9. What is the tens digit of m(d)?
4
Let o(w) = 3*w**2 + 14*w + 26. What is the units digit of o(-12)?
0
Let t be (-93 + 1)/(12/(-54)*-3). Let a = 245 + t. What is the hundreds digit of a?
1
Let b be 2/2 - (-44 - -2). Let i be 0/(-4) - (1 + -3)*-8. Let z = i + b. What is the units digit of z?
7
Let t be 4/18 + (-770)/63. Let r be ((-32)/t)/((-2)/(-3)). Suppose 4*c + 4*y - 108 = 0, 10 = -2*y + r*y. What is the tens digit of c?
2
Let m = 31 - 35. Let b = 15 - m. What is the units digit of b?
9
Let f = 24 + -8. Let a = f - -50. What is the units digit of (-24)/18*a/(-4)?
2
Let n be (-258)/(-21) + (-2)/7. Suppose 9*p = 57 - n. Suppose r - 4*r = u - 58, 59 = 4*r + p*u. What is the units digit of r?
1
Let x(b) = b**2 - b + 8. Let m be x(-7). Suppose 0*s - s + m = 0. Suppose t = 5*t - s. What is the units digit of t?
6
Let f = -4 + -3. Let a = 6 + f. Let w(s) = 30*s**2 + 1. What is the tens digit of w(a)?
3
Let z(i) = 2*i**3 - 4*i**2 + 5*i + 16. What is the units digit of z(6)?
4
Let w be 28*(3/2)/3. Let o be (-10)/(-35) + 52/w. Suppose -o*n + 15 = -3*n. What is the tens digit of n?
1
Let t = -6 - -6. Suppose t = -a - 3*a + 112. Suppose 4*y = 128 + a. What is the units digit of y?
9
Let i be ((-98)/(-21))/(4/246). What is the tens digit of 18/(-24) - i/(-4)?
7
Let i(b) = -b**3 + 30*b**2 - 68*b - 36. What is the units digit of i(21)?
5
Suppose 5*a + 5*c - 2*c - 294 = 0, a = -3*c + 66. Suppose 5*n = -4*u + a + 49, -n - 4*u = -34. Suppose n*l = 23*l - 110. What is the tens digit of l?
2
Let c = -13 + 24. Let v = 16 - c. Suppose -4*p = 3*b - 44 + 6, -5*p = -v*b + 75. What is the units digit of b?
4
Let h = -25 + 29. Let u be h/(-18) - (-1610)/(-45). Let w = 0 - u. What is the tens digit of w?
3
Let i(x) = -3*x**3 + x**2 - 4*x - 2. Let r be i(-3). Suppose 5*u - u - r = 0. Let v = -15 + u. What is the tens digit of v?
1
Let v be 7 - ((-48)/21 + (-6)/(-21)). Let p(q) = q + 3. Let f be p(4). Suppose -f*d - 16 = -v*d. What is the units digit of d?
8
Suppose -5*w + 5 = -0*w - a, 0 = -3*a - 15. What is the hundreds digit of -184*(1 + (-2 - w)) - -3?
1
Let m = 1070 + 181. What is the units digit of m?
1
Let n be 16/(-3)*(-24)/(-4). What is the tens digit of 16/n*(-260)/2?
6
Let h(x) be the first derivative of x**3/3 + 5*x**2/2 - 16*x + 2. Let a = 5 - 15. What is the units digit of h(a)?
4
Suppose 5*k - 4*m - 3493 = 0, k - 4*m = 3*k - 1414. What is the units digit of k?
1
Let s = -8 + 19. Suppose 3*n - 3*k = 2*k - 14, -4*n = k + s. What is the units digit of (n/5)/((-7)/35)?
3
Let f = 515 - 479. Let v be (0 + 1)/(3/15). Suppose f = -w + v*w. What is the units digit of w?
9
Let i be